e the greatest common factor of 3508 and 1108478888.
3508
Calculate the greatest common divisor of 40 and 1957745.
5
Calculate the greatest common divisor of 61296729 and 585.
39
Calculate the highest common factor of 4179808 and 160.
32
Calculate the greatest common divisor of 313 and 17903.
1
Calculate the greatest common factor of 64592 and 613008.
176
Calculate the greatest common factor of 456830 and 770.
110
Calculate the greatest common divisor of 16236 and 17688261.
123
Calculate the highest common divisor of 4125 and 28759665.
165
Calculate the highest common factor of 371847 and 10059.
21
Calculate the highest common divisor of 1513 and 3355389.
89
What is the highest common divisor of 12467 and 123389735?
959
Calculate the greatest common factor of 1992 and 6904438.
166
Calculate the highest common factor of 32881904 and 1012.
1012
Calculate the highest common factor of 575 and 71198275.
25
Calculate the greatest common divisor of 91522710 and 58401.
8343
Calculate the highest common divisor of 3054 and 120855942.
3054
Calculate the greatest common factor of 2670 and 18456000.
30
What is the highest common divisor of 13 and 1819064?
13
Calculate the highest common factor of 32360 and 71745356.
3236
Calculate the greatest common divisor of 1048421 and 187.
11
Calculate the greatest common divisor of 6048 and 124737732.
756
What is the highest common factor of 28903284 and 1114992?
9612
Calculate the highest common divisor of 25153523 and 221.
17
Calculate the greatest common divisor of 40 and 23897780.
20
Calculate the greatest common divisor of 22654 and 6862.
94
Calculate the greatest common factor of 1612 and 615888.
52
Calculate the highest common divisor of 57370 and 2675.
5
Calculate the highest common factor of 61 and 104930370.
61
What is the greatest common factor of 40601 and 6776?
11
Calculate the highest common divisor of 77854 and 140834.
134
What is the greatest common divisor of 7695 and 17766?
27
What is the highest common factor of 98982235 and 45496?
5687
What is the greatest common divisor of 12 and 372478020?
12
What is the greatest common factor of 1280 and 987200?
320
What is the highest common factor of 206223668 and 34?
34
What is the highest common divisor of 745 and 6124645?
745
Calculate the greatest common divisor of 352925895 and 721.
721
What is the highest common factor of 35270 and 190?
10
Calculate the highest common factor of 4061613 and 535.
107
Calculate the highest common factor of 5614 and 1529815.
2807
What is the highest common divisor of 1043264 and 28096?
64
What is the highest common factor of 16940263 and 145?
29
Calculate the greatest common divisor of 23625184 and 41.
41
Calculate the highest common divisor of 477 and 257319.
9
What is the greatest common factor of 195702 and 574938?
1014
Calculate the greatest common divisor of 7161 and 3209895.
93
Calculate the highest common divisor of 219 and 243613191.
219
Calculate the highest common divisor of 120 and 15125640.
120
What is the greatest common factor of 644 and 4836356?
28
What is the highest common factor of 224514 and 2886?
6
What is the highest common factor of 442 and 93013154?
442
What is the highest common factor of 18 and 31259610?
18
What is the greatest common factor of 5947 and 3564757?
313
Calculate the greatest common divisor of 1630 and 6478435.
815
What is the greatest common divisor of 65457 and 391273893?
9351
What is the highest common divisor of 319317 and 72861?
489
What is the highest common factor of 219929 and 385561411?
12937
What is the greatest common factor of 372 and 5672008?
124
Calculate the highest common divisor of 211169 and 872977.
2177
Calculate the greatest common divisor of 104809136 and 55024.
2896
Calculate the greatest common divisor of 445991 and 138649.
203
What is the highest common divisor of 21086280 and 10?
10
Calculate the highest common factor of 12375436 and 1952.
244
Calculate the greatest common divisor of 19 and 933587515.
19
Calculate the highest common factor of 1724689120 and 2464.
2464
What is the highest common divisor of 15975 and 5838543?
639
What is the highest common factor of 196783961 and 2311?
2311
What is the greatest common divisor of 284745690 and 540?
90
Calculate the highest common factor of 8464 and 653936.
368
Calculate the highest common divisor of 44270 and 36100.
190
What is the greatest common factor of 52624 and 352456?
104
What is the highest common factor of 38 and 5642666?
2
Calculate the highest common factor of 198 and 3808167.
33
What is the highest common divisor of 4406463 and 27?
9
Calculate the greatest common factor of 18 and 1148346306.
18
What is the highest common divisor of 40672 and 6293?
31
What is the highest common divisor of 3 and 11058981?
3
Calculate the greatest common factor of 3132 and 140211.
27
Calculate the greatest common divisor of 12558 and 87588462.
1794
What is the greatest common factor of 10 and 107002780?
10
What is the greatest common factor of 2565 and 954274905?
2565
What is the greatest common factor of 77080873 and 17?
17
What is the greatest common factor of 784 and 937468?
196
What is the greatest common factor of 5761 and 75859?
7
Calculate the highest common divisor of 16917 and 2971.
1
What is the highest common factor of 4636 and 15908434?
2318
What is the greatest common factor of 104718 and 35310234?
3378
What is the highest common divisor of 44555640 and 40?
40
Calculate the highest common divisor of 1460 and 6077780.
20
What is the highest common divisor of 5019424 and 48?
16
What is the greatest common factor of 45 and 19620195?
15
Calculate the highest common factor of 6650 and 5070817850.
6650
Calculate the highest common factor of 5 and 146010340.
5
What is the highest common factor of 193021248 and 2688?
1344
Calculate the highest common factor of 1312470 and 1125.
45
What is the greatest common divisor of 61 and 244185257?
61
What is the greatest common factor of 126618 and 336990?
282
What is the highest common factor of 22244 and 1774789?
83
What is the greatest common factor of 49421864 and 106?
106
What is the highest common divisor of 6525127 and 595?
119
What is the highest common divisor of 2031 and 10887?
3
What is the greatest common factor of 860868 and 4713518?
5314
What is the greatest common factor of 91415616 and 16?
16
What is the highest common divisor of 13824 and 889596?
108
What is the greatest common factor of 1350 and 93877200?
450
What is the highest common factor of 708 and 8097868?
236
What is the greatest common divisor of 6000 and 134910?
30
Calculate the highest common divisor of 874 and 923384059.
437
Calculate the highest common divisor of 81 and 219494745.
27
What is the greatest common divisor of 10565172 and 6696?
1116
Calculate the greatest common factor of 348210 and 198750.
1590
What is the highest common divisor of 784 and 68630968?
392
Calculate the greatest common factor of 6040254 and 994.
142
What is the greatest common divisor of 2924478546 and 9174?
9174
What is the greatest common divisor of 3190 and 43224355?
145
Calculate the highest common factor of 27096 and 26166.
6
What is the highest common divisor of 12047 and 1827?
7
Calculate the greatest common factor of 8440105 and 745.
745
What is the greatest common factor of 322 and 4114094?
2
Calculate the highest common divisor of 15130 and 29410.
170
Calculate the highest common divisor of 13429134 and 8130.
1626
What is the greatest common divisor of 148248 and 5539?
29
What is the greatest common divisor of 148 and 48155056?
148
Calculate the highest common divisor of 81672 and 271576.
664
Calculate the greatest common factor of 16 and 24505232.
16
Calculate the highest common divisor of 15378 and 53966.
22
Calculate the highest common factor of 100180940 and 8515.
655
Calculate the greatest common divisor of 66100239 and 27.
27
What is the greatest common divisor of 16169 and 4643125?
437
What is the greatest common divisor of 7281989 and 143?
143
Calculate the greatest common factor of 10676 and 892759148.
10676
What is the greatest common divisor of 2128884 and 159408?
492
Calculate the greatest common factor of 868 and 36663452.
868
What is the greatest common factor of 817053888 and 5376?
1344
Calc